{"id":260,"date":"2024-08-09T07:37:12","date_gmt":"2024-08-09T07:37:12","guid":{"rendered":"https:\/\/activasad.com\/?page_id=260"},"modified":"2024-08-27T05:59:19","modified_gmt":"2024-08-27T05:59:19","slug":"presupuestos-y-contratos","status":"publish","type":"page","link":"https:\/\/activasad.com\/index.php\/presupuestos-y-contratos\/","title":{"rendered":"Presupuestos y Contratos"},"content":{"rendered":"<p>[et_pb_section fb_built=\u00bb1&#8243; _builder_version=\u00bb4.23.1&#8243; _module_preset=\u00bbfb0a3fbe-5625-4ef5-a77b-06986f337b0e\u00bb da_disable_devices=\u00bboff|off|off\u00bb global_colors_info=\u00bb{}\u00bb da_is_popup=\u00bboff\u00bb da_exit_intent=\u00bboff\u00bb da_has_close=\u00bbon\u00bb da_alt_close=\u00bboff\u00bb da_dark_close=\u00bboff\u00bb da_not_modal=\u00bbon\u00bb da_is_singular=\u00bboff\u00bb da_with_loader=\u00bboff\u00bb da_has_shadow=\u00bbon\u00bb][et_pb_row _builder_version=\u00bb4.23.1&#8243; _module_preset=\u00bbdefault\u00bb global_colors_info=\u00bb{}\u00bb][et_pb_column type=\u00bb4_4&#8243; _builder_version=\u00bb4.23.1&#8243; _module_preset=\u00bbdefault\u00bb global_colors_info=\u00bb{}\u00bb][et_pb_text _builder_version=\u00bb4.23.1&#8243; _dynamic_attributes=\u00bbcontent\u00bb _module_preset=\u00bb8f5048b0-4307-4855-835b-c3e23fa1cc38&#8243; global_colors_info=\u00bb{}\u00bb]@ET-DC@eyJkeW5hbWljIjp0cnVlLCJjb250ZW50IjoicG9zdF90aXRsZSIsInNldHRpbmdzIjp7ImJlZm9yZSI6IiIsImFmdGVyIjoiIn19@[\/et_pb_text][\/et_pb_column][\/et_pb_row][\/et_pb_section][et_pb_section fb_built=\u00bb1&#8243; _builder_version=\u00bb4.23.1&#8243; _module_preset=\u00bbdefault\u00bb da_disable_devices=\u00bboff|off|off\u00bb global_colors_info=\u00bb{}\u00bb da_is_popup=\u00bboff\u00bb da_exit_intent=\u00bboff\u00bb da_has_close=\u00bbon\u00bb da_alt_close=\u00bboff\u00bb da_dark_close=\u00bboff\u00bb da_not_modal=\u00bbon\u00bb da_is_singular=\u00bboff\u00bb da_with_loader=\u00bboff\u00bb da_has_shadow=\u00bbon\u00bb][et_pb_row _builder_version=\u00bb4.23.1&#8243; _module_preset=\u00bbdefault\u00bb global_colors_info=\u00bb{}\u00bb][et_pb_column type=\u00bb4_4&#8243; _builder_version=\u00bb4.23.1&#8243; _module_preset=\u00bbdefault\u00bb global_colors_info=\u00bb{}\u00bb][et_pb_text _builder_version=\u00bb4.23.1&#8243; _module_preset=\u00bbdefault\u00bb text_font=\u00bbPoppins|600|||||||\u00bb text_text_color=\u00bb#000000&#8243; text_font_size=\u00bb24px\u00bb header_2_font=\u00bbPoppins|600|||||||\u00bb header_2_text_align=\u00bbleft\u00bb global_colors_info=\u00bb{}\u00bb]<\/p>\n<p><span data-contrast=\"auto\" xml:lang=\"ES-ES\" lang=\"ES-ES\" class=\"TextRun SCXW75930119 BCX0\"><span class=\"NormalTextRun SCXW75930119 BCX0\">No dejes pasar ninguna oportunidad. Ofrece una imagen profesional a tus clientes.<\/span><\/span><\/p>\n<p>[\/et_pb_text][et_pb_text _builder_version=\u00bb4.23.1&#8243; _module_preset=\u00bbdefault\u00bb hover_enabled=\u00bb0&#8243; global_colors_info=\u00bb{}\u00bb sticky_enabled=\u00bb0&#8243;]<\/p>\n<p><span data-contrast=\"auto\" xml:lang=\"ES-ES\" lang=\"ES-ES\" class=\"TextRun SCXW227351831 BCX0\"><span class=\"NormalTextRun SCXW227351831 BCX0\">Un elemento esencial de la gesti\u00f3n de servicios de ayuda a domicilio es la identificaci\u00f3n de las necesidades de cada usuario con una atenci\u00f3n personalizada y profesional. Utiliza ActivaSAD para:<\/span><\/span><\/p>\n<ul>\n<li><span data-contrast=\"auto\" xml:lang=\"ES-ES\" lang=\"ES-ES\" class=\"TextRun SCXW227351831 BCX0\"><span class=\"NormalTextRun SCXW227351831 BCX0\">Crear presupuestos profesionales personalizados.<\/span><\/span><\/li>\n<li><span data-contrast=\"auto\" xml:lang=\"ES-ES\" lang=\"ES-ES\" class=\"TextRun SCXW227351831 BCX0\"><span class=\"NormalTextRun SCXW227351831 BCX0\">Imprimir o env\u00edar por mail el presupuesto.<\/span><\/span><\/li>\n<li><span data-contrast=\"auto\" xml:lang=\"ES-ES\" lang=\"ES-ES\" class=\"TextRun SCXW227351831 BCX0\"><span class=\"NormalTextRun SCXW227351831 BCX0\">Firma digital de los contratos.<\/span><\/span><\/li>\n<li><span class=\"EOP SCXW227351831 BCX0\" data-ccp-props=\"{&quot;201341983&quot;:0,&quot;335559740&quot;:276}\">Organizar el estado de cada presupuesto y generar alertas.\u00a0<\/span><\/li>\n<\/ul>\n<p>[\/et_pb_text][et_pb_button button_text=\u00bbCont\u00e1ctanos\u00bb button_alignment=\u00bbright\u00bb _builder_version=\u00bb4.23.1&#8243; _module_preset=\u00bbdefault\u00bb global_colors_info=\u00bb{}\u00bb][\/et_pb_button][et_pb_gallery gallery_ids=\u00bb296,295,294,293,291&#8243; fullwidth=\u00bbon\u00bb _builder_version=\u00bb4.23.1&#8243; _module_preset=\u00bbdefault\u00bb background_color=\u00bbRGBA(255,255,255,0)\u00bb global_colors_info=\u00bb{}\u00bb][\/et_pb_gallery][et_pb_text _builder_version=\u00bb4.23.1&#8243; _module_preset=\u00bbdefault\u00bb text_text_color=\u00bb#000000&#8243; header_line_height=\u00bb1.5em\u00bb custom_padding=\u00bb20px|20px|20px|46px|false|false\u00bb hover_enabled=\u00bb0&#8243; custom_css_free_form=\u00bbul li::marker {||  color: rgb(53,184,230);||}||ul ul li::marker {||  color: rgb(123,201,229);||}\u00bb border_radii=\u00bbon|14px|14px|14px|14px\u00bb border_style_all=\u00bbnone\u00bb border_color_top=\u00bb#FFFFFF\u00bb border_width_right=\u00bb7px\u00bb global_colors_info=\u00bb{}\u00bb sticky_enabled=\u00bb0&#8243;]<\/p>\n<h1 style=\"text-align: center;\"><strong>Configuraci\u00f3n<\/strong><\/h1>\n<p>Previo al uso del software configuramos todos los m\u00f3dulos para que puedas utilizar toda la funcionalidad que necesitas desde el primer momento. Es un proceso realizado por nuestros expertos en software y en el que las personas que gestionar\u00e1n el software se preparan para utilizarlo. Entre las configuraciones que realizamos:<\/p>\n<ul>\n<li><strong>Configuraci\u00f3n de:<\/strong>\n<ul>\n<li>\u00a0Servicios<\/li>\n<li>Importes de servicios por horas (est\u00e1ndar, noche, fin de semana, festivos)<\/li>\n<\/ul>\n<\/li>\n<li><strong>Registro automatizado de leads desde formularios web.<\/strong><\/li>\n<li><strong>Apertura de oportunidades.<\/strong><\/li>\n<li><strong>Presupuestos <\/strong>y\u00a0su seguimiento<\/li>\n<li><strong>Contratos.\u00a0<\/strong>Formato, cl\u00e1usulas a incluir y anexos.<\/li>\n<li><strong>Plantillas env\u00edo por mail.<\/strong><\/li>\n<li><strong>Firma digital para contratos (Portal Familias).<\/strong><\/li>\n<li><strong>Automatizaciones.<\/strong><\/li>\n<\/ul>\n<p>[\/et_pb_text][\/et_pb_column][\/et_pb_row][\/et_pb_section][et_pb_section fb_built=\u00bb1&#8243; _builder_version=\u00bb4.23.1&#8243; _module_preset=\u00bbdefault\u00bb da_disable_devices=\u00bboff|off|off\u00bb global_colors_info=\u00bb{}\u00bb da_is_popup=\u00bboff\u00bb da_exit_intent=\u00bboff\u00bb da_has_close=\u00bbon\u00bb da_alt_close=\u00bboff\u00bb da_dark_close=\u00bboff\u00bb da_not_modal=\u00bbon\u00bb da_is_singular=\u00bboff\u00bb da_with_loader=\u00bboff\u00bb da_has_shadow=\u00bbon\u00bb][\/et_pb_section]<\/p>\n","protected":false},"excerpt":{"rendered":"<p>No dejes pasar ninguna oportunidad. Ofrece una imagen profesional a tus clientes.Un elemento esencial de la gesti\u00f3n de servicios de ayuda a domicilio es la identificaci\u00f3n de las necesidades de cada usuario con una atenci\u00f3n personalizada y profesional. Utiliza ActivaSAD para: Crear presupuestos profesionales personalizados. Imprimir o env\u00edar por mail el presupuesto. Firma digital de [&hellip;]<\/p>\n","protected":false},"author":1,"featured_media":0,"parent":0,"menu_order":0,"comment_status":"closed","ping_status":"closed","template":"","meta":{"_et_pb_use_builder":"on","_et_pb_old_content":"","_et_gb_content_width":"","footnotes":""},"class_list":["post-260","page","type-page","status-publish","hentry"],"_links":{"self":[{"href":"https:\/\/activasad.com\/index.php\/wp-json\/wp\/v2\/pages\/260","targetHints":{"allow":["GET"]}}],"collection":[{"href":"https:\/\/activasad.com\/index.php\/wp-json\/wp\/v2\/pages"}],"about":[{"href":"https:\/\/activasad.com\/index.php\/wp-json\/wp\/v2\/types\/page"}],"author":[{"embeddable":true,"href":"https:\/\/activasad.com\/index.php\/wp-json\/wp\/v2\/users\/1"}],"replies":[{"embeddable":true,"href":"https:\/\/activasad.com\/index.php\/wp-json\/wp\/v2\/comments?post=260"}],"version-history":[{"count":14,"href":"https:\/\/activasad.com\/index.php\/wp-json\/wp\/v2\/pages\/260\/revisions"}],"predecessor-version":[{"id":432,"href":"https:\/\/activasad.com\/index.php\/wp-json\/wp\/v2\/pages\/260\/revisions\/432"}],"wp:attachment":[{"href":"https:\/\/activasad.com\/index.php\/wp-json\/wp\/v2\/media?parent=260"}],"curies":[{"name":"wp","href":"https:\/\/api.w.org\/{rel}","templated":true}]}}